
In base 9, what is -3 + -145?
-148
In base 2, what is 10100 + 100?
11000
In base 5, what is 13 + 221?
234
In base 15, what is 65 - -5?
6a
In base 10, what is -5 - 1706?
-1711
In base 9, what is -1 + 112?
111
In base 11, what is 0 - 1392?
-1392
In base 3, what is -1011 + 12?
-222
In base 5, what is 32204 - 12?
32142
In base 5, what is 31330 - 10?
31320
In base 13, what is 0 - 748?
-748
In base 10, what is 6 + 275?
281
In base 6, what is 41 + -10?
31
In base 15, what is 218e - 4?
218a
In base 3, what is -21101120 + -11?
-21101201
In base 2, what is 111011 + -101001?
10010
In base 4, what is -3 + 101?
32
In base 5, what is -142 + 13?
-124
In base 16, what is 1 + -2a5?
-2a4
In base 8, what is -5 + 11620?
11613
In base 2, what is 100 + 10000?
10100
In base 14, what is -148 + -5?
-14d
In base 12, what is 956 + 2?
958
In base 12, what is -246 - a?
-254
In base 6, what is 142 - 23?
115
In base 2, what is 0 + -100000101?
-100000101
In base 13, what is 18b + 4?
192
In base 6, what is 32 - 10?
22
In base 2, what is 1010 + -10100?
-1010
In base 12, what is -b - -57?
48
In base 13, what is 2349 - -3?
234c
In base 9, what is -4 - -116?
112
In base 4, what is -110 + 100202?
100032
In base 15, what is 20 - 51?
-31
In base 4, what is -202 - 121?
-323
In base 2, what is -110100 - 101?
-111001
In base 16, what is -1 - 20?
-21
In base 4, what is -11 + 201020?
201003
In base 14, what is -11 + 8?
-7
In base 16, what is -18 + -4?
-1c
In base 6, what is -30041 + 0?
-30041
In base 12, what is -28 - 36?
-62
In base 7, what is -5 + 430?
422
In base 7, what is 460 - -1?
461
In base 13, what is 2 - -60?
62
In base 14, what is 5a6 + a?
5b2
In base 13, what is 7b3 + 5?
7b8
In base 6, what is -1 + 1304?
1303
In base 12, what is 2 + -1b4?
-1b2
In base 3, what is -10021100 - 12?
-10021112
In base 7, what is -1 + 403?
402
In base 13, what is -3 + 87?
84
In base 11, what is -360 + 5?
-356
In base 2, what is 1110001010110 + 11?
1110001011001
In base 6, what is -2545 - 0?
-2545
In base 8, what is 1 - -306?
307
In base 14, what is 22 - 5?
1b
In base 14, what is -63 - 10?
-73
In base 3, what is -201101202 - -12?
-201101120
In base 16, what is -1 + 2f?
2e
In base 4, what is -101 + 3?
-32
In base 3, what is 1211 + 1012?
10000
In base 12, what is 1435 + 1?
1436
In base 14, what is 4 + 370?
374
In base 8, what is -400 + -1?
-401
In base 7, what is 4525 + 1?
4526
In base 8, what is 37 + 31?
70
In base 9, what is -4 - -262?
257
In base 16, what is -12 + -10?
-22
In base 15, what is 107 + -4?
103
In base 8, what is -10 - -56?
46
In base 15, what is 19 - -2?
1b
In base 8, what is -17602 - 3?
-17605
In base 7, what is 4 - -14125?
14132
In base 15, what is -c + 5?
-7
In base 5, what is -230 - 432?
-1212
In base 15, what is -1ad - -5?
-1a8
In base 4, what is 2 - 31210?
-31202
In base 9, what is -555 - -5?
-550
In base 8, what is -443 - -3?
-440
In base 14, what is -316 + -2?
-318
In base 12, what is -4 + 30?
28
In base 12, what is 4 + -6b?
-67
In base 5, what is -11442 - -1?
-11441
In base 13, what is 709b + -1?
709a
In base 4, what is 10 - -111?
121
In base 8, what is 2 + -1153?
-1151
In base 12, what is -223 - -1?
-222
In base 6, what is -3 + 244?
241
In base 11, what is 3 + -a2?
-9a
In base 12, what is -1978 + 2?
-1976
In base 13, what is -1b0 + 4?
-1a9
In base 15, what is -c - c?
-19
In base 2, what is -1010100 + 10000?
-1000100
In base 8, what is -13760 - 5?
-13765
In base 13, what is 40 + 6?
46
In base 13, what is 4 - -130?
134
In base 3, what is 10 - 2201?
-2121
In base 7, what is -554 - 5?
-562
In base 5, what is 141 + 1310?
2001
In base 7, what is 4 + -1112?
-1105
In base 15, what is 1 + 2514?
2515
In base 12, what is 617 + 1?
618
In base 16, what is -4b4 - -4?
-4b0
In base 6, what is -33 - -1423?
1350
In base 7, what is 3 - -10?
13
In base 14, what is 346 - 0?
346
In base 9, what is 520 + 6?
526
In base 2, what is 11001 + 11?
11100
In base 10, what is -438 + 9?
-429
In base 12, what is -5 - -133?
12a
In base 15, what is 2b33 - -4?
2b37
In base 16, what is 2 + 62?
64
In base 6, what is -525 + -5?
-534
In base 8, what is 121 - -5?
126
In base 11, what is 519 - 0?
519
In base 4, what is 1 + -113111?
-113110
In base 3, what is 1212220 + 10?
1220000
In base 9, what is -27 - 2?
-30
In base 14, what is -1a - 5?
-21
In base 16, what is e + 1d?
2b
In base 12, what is -164 - -1?
-163
In base 8, what is -3 - -6621?
6616
In base 9, what is 168 + -3?
165
In base 6, what is -1221 + 104?
-1113
In base 8, what is 0 + -4107?
-4107
In base 15, what is 16 - 5?
11
In base 8, what is -1 - -256?
255
In base 7, what is -30 - -5?
-22
In base 8, what is -45 - 104?
-151
In base 2, what is 100 - -110010?
110110
In base 14, what is -325 - -2d?
-2d6
In base 2, what is 1 - 1011001101?
-1011001100
In base 3, what is 200101200 - 10?
200101120
In base 4, what is -220 - 2?
-222
In base 10, what is 825 + 4?
829
In base 4, what is -10102 + 11?
-10031
In base 13, what is -c31 - -2?
-c2c
In base 3, what is -1001 - 1011?
-2012
In base 5, what is 2134 - -10?
2144
In base 9, what is -2551 + 2?
-2548
In base 9, what is 1085 + -5?
1080
In base 16, what is -5 - 325?
-32a
In base 10, what is 32 + -69?
-37
In base 4, what is -10 - 13312?
-13322
In base 12, what is 51 + 0?
51
In base 13, what is 726 + -2?
724
In base 8, what is -1 + 155?
154
In base 11, what is -84 + -1?
-85
In base 13, what is -6 - -38?
32
In base 3, what is -2 - 2022?
-2101
In base 8, what is -1246 - -10?
-1236
In base 9, what is 2 + 77?
80
In base 2, what is -101111011 - 11?
-101111110
In base 9, what is 154 - 223?
-58
In base 15, what is -91 - 1?
-92
In base 2, what is 110101 + -10000110?
-1010001
In base 5, what is 21 - -10042?
10113
In base 16, what is -b92 - -4?
-b8e
In base 9, what is 8 - -1022?
1031
In base 4, what is -1231 + 10?
-1221
In base 2, what is -100 - 1?
-101
In base 8, what is 4 - 5135?
-5131
In base 12, what is 4 - 1?
3
In base 7, what is 1262 + 26?
1321
In base 14, what is -3 + -3b?
-40
In base 16, what is -280 + 5?
-27b
In base 9, what is -66 - 157?
-234
In base 11, what is 13a2 + -2?
13a0
In base 5, what is 0 - 143440?
-143440
In base 6, what is 4 + 34011?
34015
In base 11, what is 2 + 43?
45
In base 13, what is -20ba + 5?
-20b5
In base 7, what is 1062 + 5?
1100
In base 14, what is -65 + 3?
-62
In base 2, what is -100 + -1000111?
-1001011
In base 11, what is -165 - 3?
-168
In base 9, what is 0 + -84?
-84
In base 14, what is -2 - 12?
-14
In base 6, what is 441 + -53?
344
In base 3, what is 110 - 11200?
-11020
In base 3, what is 0 - -1020120?
1020120
In base 3, what is -202 + 21?
-111
In base 9, what is -5 - -124?
118
In base 13, what is -29 - 20?
-49
In base 15, what is -1d4 - -11?
-1c3
In base 15, what is 1 - -80?
81
In base 8, what is -104 + 64?
-20
In base 6, what is 5 + -25342?
-25333
In base 6, what is 0 + 105?
105
In base 12, what is 287 + 10?
297
In base 5, what is -3 + 12?
4
In base 13, what is -8b47 - 1?
-8b48
In base 12, what is -376 + 31?
-345
In base 14, what is 3631 + -5?
362a
In base 9, what is -1632 - -3?
-1628
In base 7, what is 15543 - -4?
15550
In base 11, what is 5 + -1264?
-125a
In base 2, what is 10 + -10110000?
-10101110
In base 7, what is -30 - -142?
112
In base 9, what is 0 - 3152?
-3152
In base 10, what is -25 + 63?
38
In base 9, what is 235 + -15?
220
In base 6, what is 215 - -14?
233
In base 8, what is -340 - -4?
-334
In base 14, what is -3 - 38?
-3b
In base 9, what is -5 + -11?
-16
In base 6, what is -2 - -35551?
35545
In base 3, what is -20 + -100?
-120
In base 8, what is 224 - -3?
227
In base 9, what is -2308 + -1?
-2310
In base 2, what is 10 + 100000011?
100000101
In base 15, what is -5 + -9?
-e
In base 8, what is -2 + -657?
-661
In base 13, what is -1bc - -18?
-1a4
In base 12, what is 501 - -5?
506
In base 15, what is -3 - 1e0?
-1e3
In base 7, what is 211 + 14?
225
In base 11, what is 5a - -34?
93
In base 5, what is 222 - 0?
222
In base 10, what is -55 - -8?
-47
In base 3, what is 20022 - 102?
12220
In base 14, what is -1 + 2?
1
In base 14, what is 1 + b4?
b5
In base 3, what is 1 + -2111201?
-2111200
In base 3, what is 12002 + -22?
11210
In base 3, what is 111 - 21000?
-20112
In base 13, what is -2 + -7?
-9
In base 10, what is -18 - 97?
-115
In base 2, what is -11010 + 11?
-10111
In base 6, what is 2304